{"id":5332,"date":"2025-04-15T06:43:03","date_gmt":"2025-04-15T06:43:03","guid":{"rendered":"https:\/\/dpatitas.mx\/?post_type=product&#038;p=5332"},"modified":"2025-05-22T05:54:53","modified_gmt":"2025-05-22T05:54:53","slug":"corbatin-picnic-azul","status":"publish","type":"product","link":"https:\/\/dpatitas.mx\/index.php\/product\/corbatin-picnic-azul\/","title":{"rendered":"Corbatin Picnic Azul"},"content":{"rendered":"","protected":false},"excerpt":{"rendered":"<p>Corbatines para mascotas D&#8217;Patitas \u2013 Estilo y elegancia para tu peludo<br \/>\nHaz que tu mascota luzca elegante con los corbatines D&#8217;Patitas, dise\u00f1ados para ofrecer comodidad y estilo. Hechos a mano, con dise\u00f1os \u00fanicos y exclusivos, perfectos para el uso diario. \u00a1Agrega un toque sofisticado a su look!<\/p>\n","protected":false},"featured_media":4300,"comment_status":"open","ping_status":"closed","template":"","meta":{"_editorskit_title_hidden":false,"_editorskit_reading_time":0,"_editorskit_is_block_options_detached":false,"_editorskit_block_options_position":"{}","om_disable_all_campaigns":false,"inline_featured_image":false,"_monsterinsights_skip_tracking":false,"_monsterinsights_sitenote_active":false,"_monsterinsights_sitenote_note":"","_monsterinsights_sitenote_category":0,"_uf_show_specific_survey":0,"_uf_disable_surveys":false},"product_brand":[],"product_cat":[20],"product_tag":[256],"class_list":{"0":"post-5332","1":"product","2":"type-product","3":"status-publish","4":"has-post-thumbnail","6":"product_cat-monitos-y-corbatines","7":"product_tag-coleccion-primavera-verano","9":"first","10":"instock","11":"taxable","12":"shipping-taxable","13":"purchasable","14":"product-type-variable"},"aioseo_notices":[],"_links":{"self":[{"href":"https:\/\/dpatitas.mx\/index.php\/wp-json\/wp\/v2\/product\/5332","targetHints":{"allow":["GET"]}}],"collection":[{"href":"https:\/\/dpatitas.mx\/index.php\/wp-json\/wp\/v2\/product"}],"about":[{"href":"https:\/\/dpatitas.mx\/index.php\/wp-json\/wp\/v2\/types\/product"}],"replies":[{"embeddable":true,"href":"https:\/\/dpatitas.mx\/index.php\/wp-json\/wp\/v2\/comments?post=5332"}],"wp:featuredmedia":[{"embeddable":true,"href":"https:\/\/dpatitas.mx\/index.php\/wp-json\/wp\/v2\/media\/4300"}],"wp:attachment":[{"href":"https:\/\/dpatitas.mx\/index.php\/wp-json\/wp\/v2\/media?parent=5332"}],"wp:term":[{"taxonomy":"product_brand","embeddable":true,"href":"https:\/\/dpatitas.mx\/index.php\/wp-json\/wp\/v2\/product_brand?post=5332"},{"taxonomy":"product_cat","embeddable":true,"href":"https:\/\/dpatitas.mx\/index.php\/wp-json\/wp\/v2\/product_cat?post=5332"},{"taxonomy":"product_tag","embeddable":true,"href":"https:\/\/dpatitas.mx\/index.php\/wp-json\/wp\/v2\/product_tag?post=5332"}],"curies":[{"name":"wp","href":"https:\/\/api.w.org\/{rel}","templated":true}]}}