{"id":6012,"date":"2025-10-02T18:47:05","date_gmt":"2025-10-02T18:47:05","guid":{"rendered":"https:\/\/dpatitas.mx\/?post_type=product&#038;p=6012"},"modified":"2025-10-02T18:47:27","modified_gmt":"2025-10-02T18:47:27","slug":"capa-arana","status":"publish","type":"product","link":"https:\/\/dpatitas.mx\/index.php\/product\/capa-arana\/","title":{"rendered":"Capa Ara\u00f1a"},"content":{"rendered":"","protected":false},"excerpt":{"rendered":"<p>\ud83e\udd87\ud83d\udc3e Colecci\u00f3n Peluween: moda espeluznantemente adorable con capas monstruosas y bandanas de \u00edconos de Halloween y D\u00eda de Muertos. \ud83c\udf83\ud83d\udc80<\/p>\n","protected":false},"featured_media":6022,"comment_status":"open","ping_status":"closed","template":"","meta":{"_editorskit_title_hidden":false,"_editorskit_reading_time":0,"_editorskit_is_block_options_detached":false,"_editorskit_block_options_position":"{}","om_disable_all_campaigns":false,"inline_featured_image":false,"_monsterinsights_skip_tracking":false,"_monsterinsights_sitenote_active":false,"_monsterinsights_sitenote_note":"","_monsterinsights_sitenote_category":0,"_uf_show_specific_survey":0,"_uf_disable_surveys":false},"product_brand":[],"product_cat":[261],"product_tag":[29],"class_list":{"0":"post-6012","1":"product","2":"type-product","3":"status-publish","4":"has-post-thumbnail","6":"product_cat-capitas","7":"product_tag-accesorios-de-halloween-y-dia-de-muertos-para-mascotas","9":"first","10":"instock","11":"taxable","12":"shipping-taxable","13":"purchasable","14":"product-type-variable"},"aioseo_notices":[],"_links":{"self":[{"href":"https:\/\/dpatitas.mx\/index.php\/wp-json\/wp\/v2\/product\/6012","targetHints":{"allow":["GET"]}}],"collection":[{"href":"https:\/\/dpatitas.mx\/index.php\/wp-json\/wp\/v2\/product"}],"about":[{"href":"https:\/\/dpatitas.mx\/index.php\/wp-json\/wp\/v2\/types\/product"}],"replies":[{"embeddable":true,"href":"https:\/\/dpatitas.mx\/index.php\/wp-json\/wp\/v2\/comments?post=6012"}],"wp:featuredmedia":[{"embeddable":true,"href":"https:\/\/dpatitas.mx\/index.php\/wp-json\/wp\/v2\/media\/6022"}],"wp:attachment":[{"href":"https:\/\/dpatitas.mx\/index.php\/wp-json\/wp\/v2\/media?parent=6012"}],"wp:term":[{"taxonomy":"product_brand","embeddable":true,"href":"https:\/\/dpatitas.mx\/index.php\/wp-json\/wp\/v2\/product_brand?post=6012"},{"taxonomy":"product_cat","embeddable":true,"href":"https:\/\/dpatitas.mx\/index.php\/wp-json\/wp\/v2\/product_cat?post=6012"},{"taxonomy":"product_tag","embeddable":true,"href":"https:\/\/dpatitas.mx\/index.php\/wp-json\/wp\/v2\/product_tag?post=6012"}],"curies":[{"name":"wp","href":"https:\/\/api.w.org\/{rel}","templated":true}]}}